Suppose -8*l - 3 = -11*l. Let q(r) = 9*r**3 + r**2 - r + 1. What are the prime factors of q(l)?
2, 5
Suppose k + 2*y = 4*y - 16, 5*k + 35 = -5*y. Let s = k - 13. Let z = -14 - s. What are the prime factors of z?
3
Let h(a) be the second derivative of a**4/12 - 7*a**3/6 - 3*a**2 + 8*a. List the prime factors of h(8).
2
Let l(f) = -5*f + 1. Let u = 7 + -8. Let q be l(u). Suppose -d + 18 = 3*o - q, -2*d + 3*o = -12. What are the prime factors of d?
2, 3
Let b(o) be the second derivative of -o**5/20 + o**4/2 + o**2/2 + o. Let a be b(6). Let i(y) = 10*y**2 + y - 1. What are the prime factors of i(a)?
2, 5
Suppose 42 - 10 = 4*a. Let r(m) = m + 3. Let z be r(0). What are the prime factors of (a/z)/((-2)/(-9))?
2, 3
Let l be (-2)/(-3) - 10/15. Suppose 2*y = 2*a + 9 + 17, 2*y + 4*a + 4 = l. List the prime factors of y.
2
Suppose -6*d + 39 = -5*d. What are the prime factors of d?
3, 13
Let r(z) = 3*z**3 + 2*z**2 - 2*z + 1. Let k be r(1). Suppose 2*s - k = 0, a = -2*a + 3*s + 12. List the prime factors of a.
2, 3
Suppose 0 = 4*x + 2*a + 56, -a + 40 + 16 = -4*x. Let o = -11 - x. List the prime factors of o.
3
Let c(j) = -56*j**3 - j - 1. Let l be c(-1). Suppose -4 - l = -5*p. List the prime factors of p.
2, 3
Suppose -4*n - 103 = -1211. List the prime factors of n/9 + 22/99.
31
Let w(y) = -y - 3. Let v be w(0). Let a be ((-4)/3)/(1/v). Suppose 0 = -a*m + u + 27, 0 = -2*m + 2*u + 7 - 1. What are the prime factors of m?
2
Let r be (-1)/((-39)/(-21) - 2). Let b = -7 + r. Suppose b = -0*v - v - 5*t + 36, -t = -4*v + 39. List the prime factors of v.
11
Let w = 27 - 20. What are the prime factors of w?
7
Let u = -60 + 66. List the prime factors of u.
2, 3
Let d = 39 - 7. What are the prime factors of d?
2
Let s be 44/4 + 1/(-1). Suppose 4*j - 23 + 15 = 0. Suppose 0 = j*u - s, -x + 6 - 1 = -u. List the prime factors of x.
2, 5
Let z = -23 - -32. Suppose -3*a = z + 9. What are the prime factors of 1/a + 103/6?
17
Let r(d) = 8*d - 10. What are the prime factors of r(9)?
2, 31
Let n(t) = t**3 - 6*t**2 + 5*t - 9. Let a be n(6). Let h be 242/(-14) - (-6)/a. Let l = 26 + h. What are the prime factors of l?
3
Let y(b) = -1 - 2*b - 2*b + 6*b + 0*b. What are the prime factors of y(5)?
3
List the prime factors of (-2)/(-3) + (-8400)/(-36).
2, 3, 13
Let r(o) = 1. Let a(k) = -2*k + 3. Let x(i) = -a(i) - 2*r(i). What are the prime factors of x(5)?
5
Suppose -9*o = -8*o - 35. What are the prime factors of o?
5, 7
Let v(m) = 3*m**2 - 3. Let k be v(-3). What are the prime factors of (-27)/(-4) - (-6)/k?
7
Let c(d) = d**2 + d - 2. Let t be c(-3). Suppose -t*i + i + 83 = 2*w, 0 = -4*i + 20. What are the prime factors of w?
2, 17
Let m be (-9)/(-3)*2/3. Suppose 0 = m*a - 3 - 21. List the prime factors of a.
2, 3
Let c = 55 - -41. What are the prime factors of c?
2, 3
List the prime factors of (532/(-4))/(2/(-1) + 1).
7, 19
Let l(m) = m**2 - 4*m - 3. Let r be l(5). Let j(k) = -k**2 + 11*k - 11. Let x be j(9). Suppose -t = -3*h - 2*h + x, r*h = 3*t - 5. List the prime factors of t.
3
Suppose w = 22 + 9. What are the prime factors of w?
31
Let q(d) = 19*d**2 - 4*d. List the prime factors of q(4).
2, 3
Let u(x) = -x**3 - 3*x**2 + 2*x + 1. Let w be u(-2). Let k(j) = -j**3 - 6*j**2 + 5*j. Let z be k(w). Suppose -b = -3*b + z. What are the prime factors of b?
7
Let c(s) = -s**2 - 2*s. Let t be c(-2). Suppose v + t*v - 4 = 0. Suppose -4*l + v*k - 3*k = -23, 2*l - 5*k = -11. List the prime factors of l.
7
Let l = 45 - -43. What are the prime factors of l?
2, 11
Let q(o) = 4*o**3 + o**2 - o + 1. Let k be q(1). Suppose -105 = -k*u - 0*u. What are the prime factors of u?
3, 7
Suppose q = -2*r + 67, -23 + 236 = 3*q + 2*r. What are the prime factors of q?
73
Let p(j) = j**3 + 9*j**2 + 9*j + 5. Let r be p(-7). Suppose -3*q - r = -8*q. List the prime factors of q.
2
What are the prime factors of 96/40*4/6*10?
2
Suppose 4*j = -2*g + 14, -3*g + 2*j + 0 = -5. Suppose 0 = 4*v - i - 44, g*v - 36 = -5*i - 3. List the prime factors of v.
11
List the prime factors of 1953/14*2/3.
3, 31
Let p(b) be the second derivative of -b**3/2 + b**2/2 + 4*b. Let d = -11 + 6. List the prime factors of p(d).
2
Let y be (-124)/(-6) + 8/(-12). Suppose -2*l = 13 + 9. Let m = y + l. What are the prime factors of m?
3
Let m(s) = s**2 - 6*s - 3. Let q = -9 + 16. What are the prime factors of m(q)?
2
Let h(u) = -u**2 + 6*u. Let z be h(5). Suppose d - 2*d = -4*j - 22, -5*j = -10. Suppose -z*g + 4*p = -0*g - 50, 4*p = -3*g + d. What are the prime factors of g?
2, 5
Let r be 2/(-4)*2 + 5. Suppose 2*n - 4*n = -r. Suppose -n*m + 32 = 4*o, -o + 0 = -m - 2. What are the prime factors of o?
2, 3
Suppose -u + 19 = -4*a, -2*a - 2*a - 88 = -4*u. List the prime factors of u.
23
Let h(m) = m**3 - 7*m**2 + 6*m + 5. Let n be h(6). Suppose 0 = -4*d - d. Suppose -60 = -d*l - n*l. What are the prime factors of l?
2, 3
Let s(k) = -14*k + 2. Let t be s(-3). Suppose 3*h - t = -5. List the prime factors of h.
13
Suppose 5*r - 2*j = -31, 0 = 2*r - j - 4*j + 25. Let p = r + 17. Suppose 3*v = 6, 3*v = -y + p + 3. List the prime factors of y.
3
Let j be 2/(-3) - (-6)/9. Suppose -5*t = -c + 170, -2*c + 0*c - 10 = j. Let o = -23 - t. List the prime factors of o.
2, 3
Let w be (-6)/8 + (-21)/(-12). Let m be w + (0 - (3 - 6)). Suppose -2*t + 1 = -0*t + u, -m*u - 11 = 3*t. What are the prime factors of t?
3
Suppose -37 = -h + 5*n, -2*n = -h + 16 + 18. What are the prime factors of h?
2
List the prime factors of 1 + -1 + -4*(-423)/6.
2, 3, 47
Suppose -p = 3*x - 18 + 4, -2*p = -4. List the prime factors of 93/5 - x/(-10).
19
Suppose -16 = -3*h + 5*b, -h + 3*h = -5*b - 6. List the prime factors of h - (3 + 2) - -17.
2, 7
Let n = 36 + -19. Suppose 0 = -3*w - 2*c - n, 0*w = 3*w + 5*c + 29. Let a(t) = -t**2 - 4*t + 1. What are the prime factors of a(w)?
2
Suppose -3*u + 4*q = -21, 0 = -6*u + 2*u + 2*q + 38. What are the prime factors of u?
11
Suppose 8*l - 2*z = 12*l - 802, -767 = -4*l + 5*z. What are the prime factors of l?
2, 3, 11
Let a(n) = 24*n - 4. Let c(g) = -g + 1. Let z(m) = a(m) + 5*c(m). What are the prime factors of z(1)?
2, 5
Let l be (-14)/(-4) - 3/(-6). Suppose -5*g + b + 53 = 0, -l*g + 17 = 2*b - 31. What are the prime factors of g?
11
Let v = -10 - -28. Suppose 84 = 3*f + v. Suppose -m = m - f. What are the prime factors of m?
11
Let i = 2 + 2. Suppose 0*h + 73 = i*h - 3*b, 0 = -5*h - b + 96. What are the prime factors of h?
19
Suppose -y = -5*y - 12, 2*y = 5*u - 381. List the prime factors of u.
3, 5
Let b(p) = p + 4. Let h = 11 - 4. List the prime factors of b(h).
11
Let l(a) = a + 10. Let q be l(-7). Let w be ((-2)/q)/((-1)/6). Suppose 0 = w*g - i - 8, g = -g + 2*i - 2. List the prime factors of g.
3
Let u(p) = p**3 - 5*p**2 + 5*p + 2. Let w be u(4). Let a(q) = 6 - 3 + 0 - 2 + q. List the prime factors of a(w).
7
Suppose -80 = -3*y + 13. What are the prime factors of (-3 + 1 - -3) + y?
2
Let p be 9/2 - 1/2. Suppose -f + 3*x + 24 = p*f, 3*f - 14 = 2*x. List the prime factors of 9/f*28/6.
7
Let i = 47 - 34. What are the prime factors of i?
13
Let o be 3*-3*(-6)/18. Suppose -2*u + 18 = -2*q, -u + o*u - 25 = -5*q. List the prime factors of u.
2, 5
Let k(o) = -15*o + 1. Let s be k(1). Let a = s + 24. What are the prime factors of a?
2, 5
Suppose b = -2*m - b - 14, 3*b + 17 = -m. Let i(n) be the first derivative of -n**2 - n - 4. List the prime factors of i(m).
3
Let y(b) = b**2 + 6*b - 4. Let o be y(-9). Suppose o = -x + 2*x. What are the prime factors of x?
23
Suppose 3*z + 38 = 8. Let t be (z/(-8))/(5/20). Suppose -t = -5*k + 25. List the prime factors of k.
2, 3
Let s(d) = 4*d + 3*d + 19 - 6*d. Let t be (-5 - 0) + -1 + -2. List the prime factors of s(t).
11
Let y = -33 - -20. Let t(s) = -s - 2. List the prime factors of t(y).
11
Let o be -1 - (22 + -1*2). Let a = -15 - o. What are the prime factors of a?
2, 3
Let s be 24/14 + (-12)/(-42). List the prime factors of (64 + s)*(-2)/(-3).
2, 11
Let k(f) = -4*f - 36. Let o(m) = 3*m + 24. Let y(c) = -5*k(c) - 7*o(c). Let n be y(10). Let v = 16 - n. What are the prime factors of v?
2, 7
Suppose -u + 2*a + 32 = 2*u, -4*u = -3*a - 42. Let w be (1/(-2))/((-18)/(-72)). Let j = u - w. What are the prime factors of j?
2, 7
What are the prime factors of -9*138/(-6) - 1?
2, 103
Suppose -4 = 6*q - 10*q. Su